{"id":738,"date":"2016-10-16T18:55:30","date_gmt":"2016-10-16T18:55:30","guid":{"rendered":"http:\/\/www.cristocuentacontigo.com\/web\/?page_id=738"},"modified":"2019-01-14T22:13:05","modified_gmt":"2019-01-14T22:13:05","slug":"misiones","status":"publish","type":"page","link":"https:\/\/www.cristocuentacontigo.com\/web\/misiones\/","title":{"rendered":"Misiones"},"content":{"rendered":"<p style=\"text-align: center;\">Concilio de Iglesia Apostolica Cristiana de Bethsaida Inc. (USA)<\/p>\n<p style=\"text-align: center;\">Supervisor Ministro Samuel Mateo<\/p>\n<p style=\"text-align: center;\">Mensaje del Supervisor (USA)<\/p>\n<p>FELIZ A\u00d1O NUEVO, deseamos que este a\u00f1o sea lleno de mucha salud, bendiciones y que Dios siga a\u00f1adiendo muchas almas a nuestras congregaciones y que todas vuestra peticiones que tenemos delante de Dios sean contestadas. El tema para este a\u00f1o es \u201c Entremos en otra Dimensi\u00f3n \u201c !Como? Como Eliseo luch\u00f3 por su doble unci\u00f3n nosotros los pastores provoquemos que nuestra Iglesia luchen tambi\u00e9n por esa doble funci\u00f3n. Jacob lucho con el angel para obtener su bendici\u00f3n. Mois\u00e9s vio la Gloria de Dios por una hendidura. Esto provoc\u00f3 que el pueblo viera esa Gloria en el rostro del lider. Nosotros los pastores estamos llamados a provocar que el pueblo busque esa doble porci\u00f3n.<\/p>\n<p style=\"text-align: center;\"><strong>ALCANCEMOS ESA DIMENSION! TE INVITAMOS QUE VISITES UNAS DE NUESTRAS IGLESIAS Y ENTRES A OTRA DIMENSI\u00d3N.<\/strong><\/p>\n<p><strong>Rev. Samuel Mateo 456 Main St. Holyoke,MA.01040<\/strong><\/p>\n<p><strong>(413) 531-7250<\/strong><\/p>\n<p><strong>Rev. Jose A.Velazquez 40 South St. New Britain,CT.06051<\/strong><\/p>\n<p><strong>(860) 538-6448<\/strong><\/p>\n<p><strong>Rev. Carlos Diaz\u00a0 23 Stanton St. Worcester, MA. 01608<\/strong><br \/>\n<strong> Tel. (413) 531-2386<\/strong><\/p>\n<p><strong>Rev. Juan L.Mateo\u00a0 20 Front St. Worcester,MA.01608<\/strong><\/p>\n<p><strong>(508) 667-0366<\/strong><\/p>\n<p><strong>Pastor\u00a0 Pedro Benitez 359 N 10th St. Reading, PA. 19604<\/strong><br \/>\nTel. <strong>(508) 454-0381<br \/>\n<\/strong><\/p>\n<p><strong>Rev. Israel Tolentino 352 Lafayatte Ave. Passaic,NJ.07055<\/strong><br \/>\nTel. <strong>(973) 803-0282<br \/>\n<\/strong><\/p>\n<p><strong>Rev,\u00a0 Jose Diaz\u00a0 109 Mill St. Springfield,MA. 01108<\/strong><br \/>\n<strong> Tel. (413) 210- 6771<br \/>\n<\/strong><\/p>\n<p><strong>Pastor Luis Ruiz\u00a0 332 Third St. Jersey City,NJ.07302<\/strong><\/p>\n<p><strong>Pastora Elizabeth Suarez\u00a0 305 Otisco St. Siracuse,NY.13204<\/strong><br \/>\nTel. <strong>(315) 795-9708<br \/>\n<\/strong><\/p>\n<p><strong>Pastor Wilfredo camacho 749 Albany Ave. Hartford,CT. 06106<\/strong><br \/>\nTel. <strong>(413) 777-2232<br \/>\n<\/strong><\/p>\n<p><strong>Pastor Santos Santiago 318 Market St. Paterson,NJ.07501<\/strong><\/p>\n<p><strong>Tel. (413) 535-9894<\/strong><\/p>\n<p><strong>Pastor Carlos Alicia\u00a0 52 Franklin St. Framingham,MA.01702<\/strong><\/p>\n<p><strong>Tel. (774) 204 4308<\/strong><\/p>\n<p><em><strong>Enlaces de otros ministerios<\/strong><\/em><\/p>\n<p>\u2022 <a href=\"http:\/\/www.gilbertovillanueva.net\/\">http:\/\/www.cristocuentacontigo.com<\/a><br \/>\n\u2022 <a href=\"http:\/\/www.amen-amen.com\/\">http:\/\/www.amen-amen.com<\/a><br \/>\n\u2022 <a href=\"http:\/\/www.iglcristianaporquededioseselpoder.com\/\">http:\/\/www.iglcristianaporquededioseselpoder.com<\/a><br \/>\n\u2022 <a href=\"http:\/\/www.ministerioelsembrador.com\/\">http:\/\/www.ministerioelsembrador.com<\/a><\/p>\n","protected":false},"excerpt":{"rendered":"<p>Concilio de Iglesia Apostolica Cristiana de Bethsaida Inc. (USA) Supervisor Ministro Samuel Mateo Mensaje del Supervisor (USA) FELIZ A\u00d1O NUEVO, deseamos que este a\u00f1o sea lleno de mucha salud, bendiciones y que Dios siga a\u00f1adiendo muchas almas a nuestras congregaciones y que todas vuestra peticiones que tenemos delante de Dios sean contestadas. El tema para [&hellip;]<\/p>\n","protected":false},"author":1,"featured_media":0,"parent":0,"menu_order":0,"comment_status":"closed","ping_status":"closed","template":"","meta":{"footnotes":""},"class_list":["post-738","page","type-page","status-publish","hentry"],"_links":{"self":[{"href":"https:\/\/www.cristocuentacontigo.com\/web\/wp-json\/wp\/v2\/pages\/738","targetHints":{"allow":["GET"]}}],"collection":[{"href":"https:\/\/www.cristocuentacontigo.com\/web\/wp-json\/wp\/v2\/pages"}],"about":[{"href":"https:\/\/www.cristocuentacontigo.com\/web\/wp-json\/wp\/v2\/types\/page"}],"author":[{"embeddable":true,"href":"https:\/\/www.cristocuentacontigo.com\/web\/wp-json\/wp\/v2\/users\/1"}],"replies":[{"embeddable":true,"href":"https:\/\/www.cristocuentacontigo.com\/web\/wp-json\/wp\/v2\/comments?post=738"}],"version-history":[{"count":7,"href":"https:\/\/www.cristocuentacontigo.com\/web\/wp-json\/wp\/v2\/pages\/738\/revisions"}],"predecessor-version":[{"id":1035,"href":"https:\/\/www.cristocuentacontigo.com\/web\/wp-json\/wp\/v2\/pages\/738\/revisions\/1035"}],"wp:attachment":[{"href":"https:\/\/www.cristocuentacontigo.com\/web\/wp-json\/wp\/v2\/media?parent=738"}],"curies":[{"name":"wp","href":"https:\/\/api.w.org\/{rel}","templated":true}]}}